 4 + 2. Suppose 7 = f*h - 2. Calculate the remainder when 5 is divided by h.
2
Let k = -55 - -78. Calculate the remainder when k is divided by 12.
11
Let f(o) = -o**3 + 2*o**2 + 4*o. Let g be f(-3). Suppose g = -6*q + 93. Suppose 5*y - 119 - 26 = 0. Calculate the remainder when y is divided by q.
9
Suppose -n + 284 = 3*n. What is the remainder when n is divided by 12?
11
Suppose 25 = z + s, -9 - 1 = 5*s. Suppose 0 = x - 0*x - 7. Calculate the remainder when z is divided by x.
6
Let z be 1/((1 - 2)/(-18)). Calculate the remainder when (-2)/(-10) - (-252)/15 is divided by (z/21)/(2/14).
5
Let n = 18 + -18. Suppose -4*j + 4*o + 24 = n, o = -2*j + 5*o + 16. What is the remainder when 11 is divided by j?
3
Let x = -29 + 40. Let h = x + -9. Suppose 42 + 30 = h*t. Calculate the remainder when t is divided by 13.
10
Let f = -11 + 11. Suppose f = -h - 4*g + 63, 5*h + 4*g + 111 = 490. Calculate the remainder when h is divided by 27.
25
What is the remainder when 73 is divided by (27 - 15/5) + 1?
23
Let g(h) = -h**3 - 5*h**2 - h - 2. Let s be g(-5). Let u be (1/(1/(-24)))/(-1). Suppose -u = r - s*r. Calculate the remainder when 22 is divided by r.
10
Suppose 0*h - 2*h = 5*f - 198, -4*f + 136 = -4*h. Calculate the remainder when f is divided by 20.
18
Let a(u) be the first derivative of -u**3/3 - 5*u**2 + 5*u - 3. What is the remainder when 82 is divided by a(-8)?
19
Let t(v) = -v - 1. Suppose 0 = -2*n - 4 - 0. Let p = -3 + n. Calculate the remainder when 11 is divided by t(p).
3
Let k(o) = o**3 + 6*o**2 - 4*o + 4. Let z(n) = -45*n - 7. What is the remainder when z(-2) is divided by k(-6)?
27
Suppose -4*k = -2*i + 16, -2*k - 59 = -5*i - 19. Let z be 15 + (3 - (0 + 2)). Suppose 2 = -q + z. What is the remainder when q is divided by i?
6
Let t(i) = 14*i**2 + 1. Suppose 0 = -5*n - 0*d - 4*d + 3, -d + 1 = n. What is the remainder when 28 is divided by t(n)?
13
Suppose -2*k = -g + 24, 2*k - 4*g = -7*g - 24. Let b = k + 20. Calculate the remainder when b is divided by ((-18)/(-45))/((-2)/(-15)).
2
Let o(z) = z - 2. Let v be o(5). Suppose h - 16 = -h. Suppose 3*n = -2*d + 20, n - v*n = h. What is the remainder when d is divided by 6?
4
Suppose -c = 7*c - 208. Calculate the remainder when 75 is divided by c.
23
Let l be (-16*6)/((-3)/2). Let r(d) = d**3 + 3*d**2 - 2*d - 4. Let q be r(-3). Suppose -2*y + l = q*y. Calculate the remainder when 47 is divided by y.
15
What is the remainder when 36 is divided by (-2)/(111/39 + (-6)/2)?
10
Suppose 0 = -n - 3*n - 128. Let s = -22 - n. Suppose 4*g - 12 - 24 = 3*b, -3*g - 3*b + 6 = 0. Calculate the remainder when s is divided by g.
4
Let i(o) = o**3 + 16*o**2 - 4*o - 38. Calculate the remainder when 50 is divided by i(-16).
24
Let i(h) = -h**3 + 7*h**2 - 4*h - 7. Let r be i(6). Let m(j) = 5*j - 12*j**3 + j - r*j + j**2. Calculate the remainder when 45 is divided by m(-1).
9
What is the remainder when 0 - (-22)/4*2 is divided by 3?
2
Let t(b) = -11*b**3 - b**2 - b - 1. Calculate the remainder when (-56)/(-6)*(-15)/(-5) is divided by t(-1).
8
Calculate the remainder when 50 is divided by (8/12)/((-2)/(-81)).
23
Suppose -3*w - 11 = 7. Let n be ((-9)/w)/(3/(-4)). Let h = n + 13. What is the remainder when 20 is divided by h?
9
Let x(m) = m**2 + 11*m - 14. What is the remainder when x(-16) is divided by 23?
20
Let v(o) be the third derivative of o**4/12 + 7*o**3/6 + 2*o**2. Let t(u) = 21*u - 2. What is the remainder when t(3) is divided by v(7)?
19
What is the remainder when 71 is divided by 4/(-22) - (-800)/44?
17
Let t = 152 + -138. Calculate the remainder when 50 is divided by t.
8
Suppose 4*w = 4*r - 584, -w - 2*r - 2*r = 161. Let n = w - -351. Suppose -2*z - n = -5*t - 3*z, 5*z = t - 56. What is the remainder when t is divided by 14?
13
Let n be 25/(-10)*2/(-5). Let k = 4 - n. What is the remainder when 22 is divided by -2 - k/(3/(-14))?
10
Suppose -4*b + 2*o + 48 = 0, o - 32 = -0*b - 2*b. Let y = 194 + -142. Calculate the remainder when y is divided by b.
10
Let d(r) = 2*r + 10. Let y be d(-5). Suppose n - 41 - 37 = y. What is the remainder when n is divided by 27?
24
Let a = 20 + -4. What is the remainder when 159 is divided by a?
15
Let g(b) = 12*b**2 - b + 1. Calculate the remainder when g(1) is divided by 7.
5
Calculate the remainder when 15 is divided by 210/24 + 2/8.
6
Suppose -j - 3*j - 4 = 3*a, 0 = -5*a + j + 1. Let u be (a/(-1))/(4/(-2)). Suppose -m = -u*m - 14. Calculate the remainder when m is divided by 5.
4
Let n be ((-1)/3)/(4/(-36)). Suppose -3*q - 15 = -0*f - n*f, -5*q + 20 = 4*f. Let i = f + 0. What is the remainder when 9 is divided by i?
4
Let s be (5/2 + -2)*26. Let y = 26 - s. Suppose -y = -2*u + u. What is the remainder when 36 is divided by u?
10
Let w(d) = 15*d**2 + d. Suppose -226 = -5*h - k, -86 = -2*h + 4*k - 0. Calculate the remainder when h is divided by w(1).
13
Let r(c) = 3*c + 7. Calculate the remainder when r(18) is divided by 21.
19
Let f(t) be the third derivative of -17*t**4/24 - 10*t**2. Calculate the remainder when f(-1) is divided by 6.
5
What is the remainder when 133 is divided by 115/15 + (-3)/18*-2?
5
Calculate the remainder when 55*1*3/3 is divided by 29.
26
Let a(t) = 11*t**2 - 4*t - 6. Calculate the remainder when a(-2) is divided by 12.
10
Let d = -36 + 79. What is the remainder when d is divided by (11 - -1) + (-3 - -2)?
10
Let s = -19 - -17. Let h(y) = -y**3 - y - 3. What is the remainder when 25 is divided by h(s)?
4
Let s = -9 - -12. Suppose -13 = -s*q + 2. What is the remainder when q is divided by 4?
1
Suppose 0 = -8*i + 10*i - 50. Calculate the remainder when i is divided by 3/((2/1)/6).
7
Let m(l) = -21*l**2 + 2*l - 1. Let s be m(1). Calculate the remainder when (s - -1)*8/(-8) is divided by 5.
4
Calculate the remainder when 131 is divided by ((-44)/6)/(4/(-18) - 0).
32
Suppose -122 = -5*g - 4*j + 3*j, 3*g - 66 = -3*j. What is the remainder when 97 is divided by g?
22
Let d(g) be the first derivative of g**3/3 - 7*g - 8. What is the remainder when d(5) is divided by 5?
3
Suppose -o - 167 - 103 = -4*v, -5*v + 343 = -4*o. Calculate the remainder when v is divided by 14.
11
Let r(m) = -m**2 + 8*m + 17. Calculate the remainder when r(8) is divided by 4.
1
Let u(z) = -z**2 - 13*z + 3. Calculate the remainder when u(-7) is divided by ((-6)/1)/((-2)/4).
9
Let a = -13 + 18. Calculate the remainder when 13 is divided by a.
3
Let g = 255 + -181. Calculate the remainder when g is divided by 19.
17
Let g(k) = -4*k + 14. Let y(i) = i - 3. Let n(u) = 3*g(u) + 14*y(u). Let j be 0 - -3 - 1/1. What is the remainder when 7 is divided by n(j)?
3
Let i = 17 + -1. What is the remainder when 31 is divided by i?
15
Let o be 78/(-12) - (-2)/4. Let s be (0 - -141)*4/o. What is the remainder when 35 is divided by 2/8 - s/8?
11
Let f(w) = -176*w**3 - w**2 + w + 1. Let u be f(-1). Suppose -i + 35 = p + 2, -5*i + 5*p = -u. Calculate the remainder when i is divided by 9.
7
Let u(c) = c**2 - 10*c + 22. What is the remainder when u(11) is divided by 5?
3
Let p = -28 + 72. What is the remainder when p is divided by 16 + 2/4*-2?
14
Let j = 0 - -1. Suppose 5*g - 16 = -j. Suppose -g = -t + 1. What is the remainder when 11 is divided by t?
3
Let d(i) = 0*i**3 + 5*i**2 - i**2 + 6*i + 5 - i**3. Calculate the remainder when (-54)/(-2) - (0 - 2) is divided by d(5).
9
Suppose 2*s = 4*s - 8. What is the remainder when (1/3)/(9/135) is divided by s?
1
What is the remainder when 25 + (4/22 - 2/11) is divided by 7?
4
Let x = 59 - 20. Suppose -4*a + a = -x. Calculate the remainder when a is divided by 5.
3
Let c = 28 + 4. What is the remainder when 63 is divided by c?
31
What is the remainder when 6/((-12)/(-130)) - -1 is divided by 23?
20
Let b(c) be the third derivative of c**5/60 - c**4/3 + 2*c**3/3 + 4*c**2. What is the remainder when 36 is divided by b(9)?
10
Let b = 89 - 19. Calculate the remainder when b is divided by (-12)/((-2)/((-2)/2 + 4)).
16
Suppose -2*r + 27 = -4*w - 49, -r + 24 = 5*w. Calculate the remainder when 122 is divided by r.
20
Let p(b) = b**2 - 2*b + 4. Let o be (-160)/(-6) - (-2)/(-3). Suppose k - 2*i - 20 = 0, -5*k + 74 = 2*i - o. What is the remainder when k is divided by p(3)?
6
Let v = -3 + -3. Suppose -2*z + 2*s = -60, 0 = -3*z - 2*s + 58 + 27. Calculate the remainder when z is 